129 is divided by d.
9
Let r(z) be the first derivative of z**4/4 - 7*z**3/3 + 4*z**2 - 3*z - 1. Suppose 0 = -5*g + 17 + 13. Calculate the remainder when r(g) is divided by 3.
0
Let x be 366/7 + (-8)/28. Let a = x - 30. Calculate the remainder when 64 is divided by a.
20
Suppose -4*w - a + 40 = 0, 2*a - 50 = -2*w - 3*w. Suppose -m - 5*t = -53, -4*m + 3*t - 4*t = -155. Calculate the remainder when m is divided by w.
8
Calculate the remainder when 42 is divided by 8 - 2*(-9)/6.
9
Let j = 63 + -44. Let m(g) be the third derivative of g**5/60 - 5*g**4/24 - 7*g**3/6 - 4*g**2. What is the remainder when j is divided by m(7)?
5
Let t = -23 - -31. Let u = t + 0. Calculate the remainder when 14 is divided by u.
6
Let d = 25 + -16. What is the remainder when 33 is divided by d?
6
Suppose 0*z + 3*z - 84 = 0. What is the remainder when 79 is divided by z?
23
Let v(b) = b**3 + 8*b**2 + 3*b - 12. What is the remainder when 62 is divided by v(-7)?
14
Let y = -21 - -42. What is the remainder when 79 is divided by y?
16
Let y be 124/16 + 1/4. Let g = 9 + y. Suppose 0 = -3*f - 2*v + 14 + 131, -4*v = -2*f + 102. Calculate the remainder when f is divided by g.
15
Let y(d) = 8*d**2 + 1. Calculate the remainder when 15 is divided by y(1).
6
Let j = 26 + -22. Suppose -7*i - 107 = -j*x - 2*i, -x + 5*i = -38. Calculate the remainder when 45 is divided by x.
22
Suppose 19 = -5*l - 21. Let y(g) = 0*g + 10 - g - 10. Calculate the remainder when 30 is divided by y(l).
6
Calculate the remainder when 29 is divided by 10 - ((-4)/1)/(-1).
5
Suppose 4 + 2 = 3*m. Suppose m*g - 59 = -17. Calculate the remainder when 61 is divided by g.
19
Let p(n) = 2*n**2 - 8*n + 3. Let c be p(5). Let v = c - 8. Calculate the remainder when v is divided by 3*1/3*2.
1
Let d(z) = 4*z - 2. Let o be d(1). Suppose t - 4 = 3*u, -5*u + 14 = o*t - 38. What is the remainder when t is divided by 0 - 1/(-1)*9?
7
Let o(m) = 58 + m - 2*m + 2*m - 14. Let t = -1 + 1. Calculate the remainder when o(t) is divided by 15.
14
Suppose 0*v - 5*v + 525 = 0. Suppose -2*d = h - 76, 3*d - 3*h - v = -0*d. What is the remainder when d is divided by 19?
18
Suppose -5*h - 10 = 5*a, -6*h - 10 = -4*a - h. Suppose a*f - f = -2. What is the remainder when 2*(5/2 - f) is divided by 1?
0
Let w = 83 - 65. Calculate the remainder when 268 is divided by w.
16
Let q(t) be the third derivative of -3*t**4/8 + t**3/6 - t**2. Let s = -5 - -3. Calculate the remainder when q(s) is divided by 7.
5
Suppose 42*d - 41*d - 8 = 0. Calculate the remainder when 95 is divided by d.
7
Suppose 0*p = 2*p - 26. Let i = -3 - -5. Suppose -g + i*g = 5. Calculate the remainder when p is divided by g.
3
Let j = 6 - -1. Let b = -8 + 12. Suppose d - 5*u + 0 = 2, b*u = 8. What is the remainder when d is divided by j?
5
Let j be (-2 + (-1 - 0))*-1. Let d(w) = w**2 - 3*w + 4. Let u be d(j). Suppose -152 = -u*f - 28. What is the remainder when f is divided by 11?
9
Suppose 3*y + 5*x - 90 = 0, -x - 2*x = 4*y - 120. Suppose 0 = 5*l - 6 - 74. Calculate the remainder when y is divided by l.
14
Calculate the remainder when ((-4 - 15) + 2)/((-3)/3) is divided by 10.
7
Suppose -14 = -4*y + 3*m - 6*m, 0 = -m + 2. Suppose 5*t = y*t + 54. Calculate the remainder when 53 is divided by t.
17
Suppose g - 2*o - 24 = 0, 0 = -4*g + o - 0*o + 61. Let a = -25 - -9. Let v = -8 - a. What is the remainder when g is divided by v?
6
What is the remainder when (-10 + -2)*-3 - 0 is divided by 13?
10
Suppose 0*y = y - 1. Suppose -n - v = -14, 3*n - 57 = v + 5. Calculate the remainder when -2 + 59 + -3 + y is divided by n.
17
Let u(r) = -r**2 - 8*r - 4 - 7 + 5. Let g be u(-8). Let b = 1 - g. What is the remainder when 18 is divided by b?
4
Let q(d) = -d**2 - 2*d + 2. Let f be q(-2). Let y = 11 + f. What is the remainder when 37 is divided by y?
11
Let q(c) = c**3 - c**2 + 2*c - 2. Let h be (-9)/((-2)/((-12)/9)). Let g(i) = -i**3 - 6*i**2 - i + 5. What is the remainder when g(h) is divided by q(2)?
5
Let b = 1 + -2. Let n = 9 - b. Let g = 0 + 4. What is the remainder when n is divided by g?
2
What is the remainder when 27 is divided by (1 - 2)/((-6)/66)?
5
Let f be -6 + 3 - -2 - -3. Calculate the remainder when 1 is divided by (f/(-4))/(5/(-10)).
0
Let n = -154 - -194. What is the remainder when n is divided by 11?
7
Let a be ((-3)/(-2))/(3/8). Suppose a*b - 35 = 25. What is the remainder when 87/(-9)*(-5 - 1) is divided by b?
13
Suppose 3*d = 10 + 71. Let a(o) = o**2 + 31*o + 145. Calculate the remainder when d is divided by a(-5).
12
Let x(f) = 7*f - 36. Suppose -1 + 101 = 4*q. Calculate the remainder when x(12) is divided by q.
23
Suppose 5*p - 195 = -0*p. Let m(s) = 5*s + 20. Calculate the remainder when p is divided by m(0).
19
Let b(a) = 7*a. What is the remainder when 68 is divided by b(2)?
12
Suppose -4*k + 627 = 231. What is the remainder when k is divided by 53?
46
Suppose 0 = 2*x - 0*x - 2*a - 10, 0 = -2*a - 4. Let h(w) = w**2 - 2*w + 7. What is the remainder when 24 is divided by h(x)?
4
Let a(j) = j**3 - 4*j**2 + 2*j + 2. Let b be a(3). Let d be (b + 0 + 3)/2. What is the remainder when 23 is divided by (7 + 3)/d - -2?
11
Let x(z) = 3*z**2 - 2*z + 1. Let r(l) = -l**2 - 7*l + 10. What is the remainder when r(-8) is divided by x(1)?
0
Suppose 30 - 3 = 3*x. Suppose -5*w + 4*s = -30, 0*w = -3*w - 3*s - x. Suppose 0 + 2 = d. Calculate the remainder when d is divided by w.
0
Suppose 2*o = -2*o + 3*u - 6, -3*u + 6 = 4*o. Let d = o + 5. What is the remainder when 9 is divided by d?
4
Let y be (-73)/(-7) - (-9)/(-21). Let x = 22 - y. Calculate the remainder when 46 is divided by x.
10
Suppose 26 = 4*w - 102. What is the remainder when w is divided by 12?
8
Suppose -2*f = 5*m - 26, -2*m = -4*m. Suppose 0*w + t = -3*w + 18, -3 = -t. What is the remainder when f is divided by w?
3
Suppose 0 = -t + 4*u - 6, t + 5*u - 12 = -0. Suppose 55 - 197 = -t*n - 3*q, -2*n + 154 = -3*q. Calculate the remainder when n is divided by 19.
17
Let u(h) = 3*h**2 + h - 4. Let t = 386 + -272. Suppose 0 = -0*v + 3*v - t. Calculate the remainder when v is divided by u(-3).
18
Let p = 0 - -2. Suppose p*b - 3 = 3. Suppose -b*s + 27 = s - 5*w, 3*w = 4*s - 29. Calculate the remainder when s is divided by 5.
3
Suppose 5*u - 11 = -o, 0*u = 2*u + 2*o - 6. Suppose -5*j = -u*j - 81. Suppose 0 = -3*l + 20 + 10. Calculate the remainder when j is divided by l.
7
Suppose 0 = -h - 4*g - 5, 0*g + 4*g = -16. Let y(v) = -11*v**2 - 3*v + 2. Let f be y(2). Let s = f + 68. What is the remainder when s is divided by h?
9
Let h(y) = y**3 - 2*y**2 - 5*y + 5. What is the remainder when h(4) is divided by 9?
8
Suppose w + 4*k = -15, 5*k = -5*w - 6 - 24. Calculate the remainder when (-579)/(-21) - w/7 is divided by 10.
8
Let m(c) = -2 + 6*c**2 + c**2 - c**3 - 2*c**2 - 2*c. What is the remainder when 19 is divided by m(3)?
9
Let b = -2 + 15. Let p(i) = i**3 + 6*i**2 - 10*i - 10. What is the remainder when 1605/39 - 2/b is divided by p(-7)?
8
Suppose 2*b = 4*s + 40, 5*s + 91 = 5*b - 34. Let o = 2 + 14. What is the remainder when b is divided by o?
14
Suppose 3*r - 87 = -3*d + 225, -5*d = 3*r - 510. Calculate the remainder when d is divided by 25.
24
Let r = 13 + 5. Suppose -4*v - 6 = 2*b + v, -4*v = -3*b - 9. Let a(o) = -18*o - 2. Calculate the remainder when a(b) is divided by r.
16
Let o = 5 + -4. Let u = 2 + o. Let j(h) = h**2 - h + 3. Calculate the remainder when 33 is divided by j(u).
6
Let q = -7 + 5. Suppose -3*w + 0 = -3. Calculate the remainder when (-4)/(-8) + (-1)/q is divided by w.
0
Suppose 3*f + 122 = 5*u, u - 73 = -2*u + 2*f. Let v(t) = -9 + 2*t**3 + 4*t**3 + 9*t**2 + 2*t - 7*t**3. Calculate the remainder when u is divided by v(9).
7
Suppose 0*v + 198 = 6*v. Calculate the remainder when v is divided by 9.
6
Suppose 0 = -s - 41 + 4. Let l = s + 53. Calculate the remainder when l is divided by 9.
7
Suppose -2*a = 2*z + 4, -2*z + 0 = a - 1. Suppose z*h + 0*h = -6. Calculate the remainder when -10*(h + 1*-2) is divided by 14.
12
Calculate the remainder when (2/(-4))/((-7)/518) is divided by (-2)/6 + 31/3.
7
Suppose 2*m + 4*r - 3*r = 53, m + 1 = 5*r. What is the remainder when 93 is divided by m?
21
Suppose 5*u = 3*n - 5 - 18, 5*n = -u + 29. Suppose -85 = -5*s - 2*c, 4*c - 15 = 5. What is the remainder when s is divided by n?